alse
Is 3593 a prime number?
True
Is 29243 prime?
True
Is 229947 composite?
True
Is 293 prime?
True
Is 45517 composite?
True
Is 1087682 composite?
True
Is 5873 a composite number?
True
Is 67453 composite?
False
Is 25759 composite?
False
Is 111921 composite?
True
Is 9527 a prime number?
False
Is 488603 a composite number?
False
Is 3935 composite?
True
Is 52249 composite?
False
Is 37153 composite?
True
Is 23953 a prime number?
False
Is 76199 prime?
False
Is 269159 a prime number?
False
Is 60043 a prime number?
False
Is 18709 a composite number?
True
Is 19631 prime?
False
Is 2628433 prime?
False
Is 2951 a composite number?
True
Is 87621 composite?
True
Is 39473 prime?
False
Is 215893 prime?
True
Is 144805 composite?
True
Is 75493 composite?
True
Is 1130191 composite?
False
Is 90893 composite?
True
Is 515227 a composite number?
False
Is 568105 composite?
True
Is 55607 composite?
True
Is 1577 a composite number?
True
Is 6239 prime?
False
Is 180551 composite?
True
Is 416039 prime?
False
Is 25367 a prime number?
True
Is 267221 prime?
False
Is 463339 a composite number?
False
Is 30367 prime?
True
Is 1454853 prime?
False
Is 307509 a composite number?
True
Is 153551 prime?
False
Is 177659 prime?
False
Is 33191 prime?
True
Is 22051 a composite number?
False
Is 5163 a composite number?
True
Is 122637 a prime number?
False
Is 14953 composite?
True
Is 3809 a prime number?
False
Is 159709 a composite number?
True
Is 132019 a prime number?
True
Is 26191 prime?
False
Is 13283 composite?
True
Is 650699 a composite number?
True
Is 46301 composite?
False
Is 389629 composite?
False
Is 88589 a composite number?
False
Is 841 prime?
False
Is 4481 prime?
True
Is 33805 prime?
False
Is 519817 a composite number?
False
Is 5161 a prime number?
False
Is 1411 composite?
True
Is 94559 composite?
False
Is 17707 prime?
True
Is 204431 a composite number?
False
Is 23657 a composite number?
True
Is 8185 a prime number?
False
Is 2102057 prime?
True
Is 198883 prime?
False
Is 222587 a composite number?
False
Is 26017 a prime number?
True
Is 35771 prime?
True
Is 423363 a composite number?
True
Is 28403 prime?
True
Is 37837 composite?
True
Is 4073 a composite number?
False
Is 515227 composite?
False
Is 140813 prime?
True
Is 57637 a prime number?
True
Is 368609 prime?
True
Is 425519 composite?
False
Is 33703 a prime number?
True
Is 7229 a composite number?
False
Is 190507 prime?
True
Is 947719 composite?
False
Is 315583 a composite number?
True
Is 54381 a composite number?
True
Is 87523 a prime number?
True
Is 6323 a prime number?
True
Is 36299 a composite number?
False
Is 18301 a composite number?
False
Is 1096267 a composite number?
False
Is 54235 a composite number?
True
Is 738163 a composite number?
False
Is 28895 composite?
True
Is 60251 composite?
False
Is 344453 prime?
True
Is 19567 composite?
True
Is 98167 a composite number?
True
Is 628673 a composite number?
False
Is 165437 a prime number?
True
Is 4493 prime?
True
Is 21001 a prime number?
True
Is 16183 a composite number?
False
Is 262433 a prime number?
True
Is 75611 composite?
False
Is 1555 composite?
True
Is 194671 composite?
False
Is 7327 prime?
False
Is 9005 composite?
True
Is 158071 a composite number?
False
Is 10231 prime?
False
Is 167051 prime?
True
Is 102953 a prime number?
True
Is 42509 a composite number?
False
Is 38953 a prime number?
True
Is 745409 prime?
False
Is 9767 a composite number?
False
Is 324859 a composite number?
True
Is 21381 prime?
False
Is 89801 a prime number?
False
Is 64231 a prime number?
True
Is 9227 a composite number?
False
Is 187691 a composite number?
True
Is 10391 a composite number?
False
Is 8717 a composite number?
True
Is 492629 prime?
True
Is 2933257 prime?
True
Is 12853 a prime number?
True
Is 72587 composite?
True
Is 1313423 a prime number?
True
Is 184309 a prime number?
True
Is 185281 composite?
True
Is 31643 a composite number?
False
Is 7555 prime?
False
Is 973321 a prime number?
True
Is 97529 a composite number?
True
Is 389651 a prime number?
True
Is 20819 a prime number?
False
Is 9793 prime?
False
Is 5231 a composite number?
False
Is 250303 prime?
False
Is 2262223 a composite number?
False
Is 767 composite?
True
Is 223871 a composite number?
True
Is 17543 a prime number?
False
Is 5815 composite?
True
Is 30791 composite?
True
Is 61873 composite?
True
Is 613687 prime?
False
Is 88915 composite?
True
Is 26323 composite?
True
Is 1509127 a prime number?
True
Is 11477 composite?
True
Is 53651 a prime number?
False
Is 18637 a composite number?
False
Is 6607 a prime number?
True
Is 123863 a prime number?
True
Is 1011 composite?
True
Is 5923 composite?
False
Is 223627 a composite number?
True
Is 79727 a prime number?
False
Is 194 a composite number?
True
Is 4111 composite?
False
Is 9371 a composite number?
False
Is 234446 prime?
False
Is 54617 a prime number?
True
Is 84833 prime?
False
Is 21863 a composite number?
False
Is 18861 prime?
False
Is 75567 prime?
False
Is 59403 prime?
False
Is 96731 composite?
False
Is 4735 composite?
True
Is 12791 a prime number?
True
Is 56837 a composite number?
True
Is 88379 composite?
False
Is 5431 prime?
True
Is 214163 composite?
False
Is 32711 a prime number?
False
Is 6843 a prime number?
False
Is 961987 a prime number?
False
Is 56659 prime?
True
Is 5509 prime?
False
Is 240213 prime?
False
Is 125287 a composite number?
False
Is 218419 a composite number?
False
Is 15053 a prime number?
True
Is 6179 a prime number?
False
Is 1250407 composite?
False
Is 1527823 prime?
False
Is 50665 a composite number?
True
Is 418577 prime?
False
Is 103097 a composite number?
True
Is 1509369 a prime number?
False
Is 45499 a prime number?
False
Is 11185 a composite number?
True
Is 18187 composite?
True
Is 8881 composite?
True
Is 203081 prime?
False
Is 104843 a prime number?
False
Is 98177 a prime number?
False
Is 229373 composite?
False
Is 13861 prime?
False
Is 2489 composite?
True
Is 155371 a composite number?
False
Is 6881 a prime number?
False
Is 232537 a composite number?
True
Is 23137 a composite number?
True
Is 42031 a composite number?
True
Is 335 composite?
True
Is 58631 composite?
False
Is 276517 composite?
False
Is 2763947 prime?
True
Is 9901 a composite number?
False
Is 131797 composite?
False
Is 1806191 a prime number?
True
Is 3593 prime?
True
Is 154667 a composite number?
False
Is 872797 a composite number?
True
Is 246385 prime?
False
Is 100127 composite?
True
Is 67 a prime number?
True
Is 1817 composite?
True
Is 721363 a composite number?
False
Is 47254 a composite number?
True
Is 2053 prime?
True
Is 44417 a composite number?
False
Is 7711 a prime number?
False
Is 377029 prime?
False
Is 2493019 a composite number?
False
Is 61253 composite?
False
Is 9677 a composite number?
False
Is 7807 a composite number?
True
Is 328361 prime?
False
Is 415913 a composite number?
True
Is 382465 composite?
True
Is 1364399 a composite number?
False
Is 708861 prime?
False
Is 2231 prime?
False
Is 110059 a prime number?
True
Is 3079 a prime number?
True
Is 27689 a prime number?
True
Is 24305 prime?
False
Is 110221 prime?
True
Is 8149 a composite number?
True
Is 1087 a prime number?
True
Is 24191 prime?
False
Is 173549 prime?
True
Is 1757 a composite number?
True
Is 26861 a composite number?
False
Is 14371 a prime number?
False
Is 31781 composite?
True
Is 418273 a composite number?
False
Is 146449 composite?
False
Is 251467 a prime number?
True
Is 7177 prime?
True
Is 265 prime?
False
Is 57353 prime?
False
Is 471 a composite number?
True
Is 6143 prime?
True
Is 99419 composite?
True
Is 486823 a composite number?
True
Is 80527 a prime number?
True
Is 71243 a prime number?
False
Is 37799 prime?
True
Is 480287 a composite number?
False
Is 6639 a prime number?
False
Is 13087 prime?
False
Is 3407 a composite number?
False
Is 5599 prime?
False
Is 83047 composite?
False
Is 168067 prime?
True
Is 1517303 prime?
False
Is 143449 prime?
False
Is 6521 composite?
False
Is 25561 prime?
True
Is 323517 a composite number?
True
Is 48131 prime?
True
Is 10555 prime?
False
Is 82027 a composite number?
True
Is 55031 a prime number?
False
Is 251561 composite?
False
Is 40693 a prime number?
True
Is 2109119 a composite number?
False
Is 155683 prime?
False
Is 34511 prime?
True
Is 1511 composite?
False
Is 4115 c